 What is the highest common factor of t and 100?
20
Suppose 0 = 3*a - a - 10. Suppose -f = -a*z + 24, 0 = -4*z + f + 17 + 3. Let j = -2 - -3. Calculate the highest common divisor of j and z.
1
Let m(o) = 8*o + 16. Let s be m(7). Suppose 5*v = 3*v - 6, -3*z = -3*v - s. What is the greatest common factor of 7 and z?
7
Suppose 3*z + g - 14 = 0, -z - 2*g - 26 = -4*z. Suppose 103 = 2*t - d, -5*d + 0*d = -25. Calculate the greatest common divisor of t and z.
6
Let n = -32 - -58. What is the greatest common divisor of n and 13?
13
Let a be (-216)/(-15) + 2/(-5). Let z be a - -4*3/(-6). What is the highest common divisor of 3 and z?
3
Let d(j) = 7*j + 7. Let v be d(5). What is the greatest common factor of v and 28?
14
Let d be ((-6)/5)/(4/(-80)). Let w be 8/4 + (60 - 2). What is the greatest common factor of d and w?
12
Let q(v) = -v**3 + 4*v**2 + v - 4. Let j be q(-4). What is the greatest common divisor of 24 and j?
24
Let m be 0 + (-1 - -6) + 0. Let i = 17 + -13. Suppose -2*c = -m*c + 6, i*c = 5*z - 47. What is the greatest common factor of z and 44?
11
Let r be (1/3)/((-3)/(-9)). Let b(j) = 5*j**3 + 2*j**2 - 2*j + 1. Let u be b(r). Let d be (40/6)/(2/u). Calculate the greatest common divisor of d and 220.
20
Suppose 4*n - 60 - 8 = 0. Suppose 0 = -3*a + 3*y + 399, a = -0*y + 4*y + 124. Calculate the highest common divisor of a and n.
17
Suppose b + 4*m - 4 = 0, -b + 3*m - 18 = -3*b. What is the greatest common factor of 12 and b?
12
Let c be -4 + (5 - (1 + 1)). Let u be (c + 73)/(3 + -2). Calculate the highest common divisor of u and 9.
9
Let m be 86/7 + 4/(-14). Let s(u) = 66*u. Let k be s(2). Calculate the highest common divisor of k and m.
12
Suppose 2*q + 2*n = 16, -q + 5*n + 0*n = -14. Suppose 0 = 4*v - 18 + 6. Let l = q + v. What is the highest common divisor of l and 132?
12
Let u(o) = o**2 - 26*o - 42. Let h be u(28). What is the highest common factor of h and 140?
14
Let t(s) = 6*s**2 - 2*s. Let h(p) = -p**2 + p - 1. Let a(z) = -5*h(z) - t(z). Let x be a(-4). What is the greatest common divisor of x and 4?
1
Let b be (3*(-24)/(-18))/2. What is the highest common divisor of b and 22?
2
Let c(f) = 9*f**2 + f. Let w be c(-3). Suppose -w = -2*q + 32. Calculate the greatest common factor of q and 22.
11
Let p be (-226)/7 - 2/(-7). Let g be ((-2)/(-4))/(2/p). Let a(r) = -4*r - 2. Let h be a(g). What is the greatest common factor of 15 and h?
15
Suppose -4*k + 8 + 8 = 0. Suppose -5*c - 2*v + 8 + 7 = 0, 12 = k*c - 3*v. Suppose 60 = 8*w - 3*w. What is the highest common divisor of c and w?
3
Let s = -9 + 16. What is the greatest common divisor of s and 35?
7
Let t be 4/(16/4) - -3. Suppose -308 = -4*l - 4*g, l - 401 = -t*l - g. Calculate the greatest common divisor of 27 and l.
27
Let x be 1*(3 - (-1 - -9)). Let i be (x + 3)/(3/(-6)). Suppose 2*k + 3 = o, o + k - i*k = 4. Calculate the greatest common factor of o and 1.
1
Let s = 85 + -53. Suppose 2*c + 2 = s. Calculate the greatest common factor of 10 and c.
5
Let k = 118 - 105. Let m(b) = -4*b - 3. Let v be m(-4). What is the greatest common divisor of k and v?
13
Let d be (15/(-10))/3*-64. What is the highest common divisor of 8 and d?
8
Let o = -6 + -6. Let s be (o/(-8))/(2/4). Suppose 3*n = -5*x + 129, -s*x - 4*n + 56 = -28. What is the highest common factor of x and 16?
8
Suppose 9*s - y = 4*s + 770, 3*s - 449 = -2*y. Calculate the greatest common factor of s and 17.
17
Let f(n) = -5*n - 2. Let w be f(-7). What is the highest common divisor of 165 and w?
33
Suppose 0 = 3*m - 21 - 21. What is the greatest common factor of m and 35?
7
Suppose -9*l + 393 = 159. What is the highest common divisor of 13 and l?
13
Suppose 4*w + 2*u - 116 = 0, -2*w + 5*u = 2*w - 130. Let o be (-12)/w - (-304)/10. Let i be ((-32)/10)/((-4)/o). Calculate the highest common factor of 6 and i.
6
Let i = 2 + -3. Let s be ((-3)/6)/(i/16). Let f = s - 0. Calculate the highest common divisor of 4 and f.
4
Suppose -5*j - 6 = z, -2*j - j - 10 = -z. Let l be 118/6 + (-3)/(-9). What is the highest common factor of l and z?
4
Let b(r) = -r**3 - 15*r**2 + 14*r - 26. Let m be b(-16). Calculate the greatest common divisor of m and 48.
6
Let w(h) = h**3 + 5*h**2 + h + 3. Let t be w(-5). Let v be t + 5 + (1 - -1). Let a = 35 - v. What is the greatest common divisor of 20 and a?
10
Let p be (30 + -2)/(4/(-54)). Let g = -257 - p. Suppose 2*s - 12 = 5*u, -2*s - 3*s + 53 = -u. Calculate the highest common divisor of g and s.
11
Let i(h) = -h**3 + 6*h**2 + 9*h + 4. Let n be i(7). Let s be (12 - 13)*(-8 - 1). What is the greatest common divisor of s and n?
9
Let j = 82 + -37. Suppose -j = -4*l - 1. Let n be ((-12)/5)/(9/(-330)). Calculate the highest common divisor of n and l.
11
Suppose -o = 2*o - 351. Calculate the greatest common factor of 13 and o.
13
Let o(n) = -n**2 + 3*n + 4. Let l be o(3). Let p be l/(-20) - 1/(-5). Suppose 5*y + 0*y - 55 = p. What is the greatest common factor of y and 88?
11
Let h = 2 + -16. Let m = -9 - h. Suppose 5*d - 25 = -0*d. Calculate the greatest common factor of d and m.
5
Let z = -5 - -9. Suppose 0 = -b - 0*s - 3*s - 15, -z*s = -b - 29. Let k = b - -41. Calculate the highest common divisor of k and 5.
5
Let l = -24 - -93. Calculate the highest common divisor of l and 23.
23
Suppose 0 = -3*s + 4 - 1. Let i be s/(-2) + 45/6. What is the greatest common factor of 28 and i?
7
Let v = 58 - 18. Suppose -2*a + 3*k = -10, 9*a = 4*a - 2*k + 25. Suppose -3*s = a*t - 50, -2*s - 4*t - t = -v. Calculate the highest common divisor of s and 60.
10
Let r(h) = h**3 - h - 4. Let j = 7 - 4. Let m be r(j). What is the highest common divisor of 20 and m?
20
Suppose -5*f + 200 = r + 4*r, -8 = 2*f. Let v be 6/(-21) - 464/(-7). What is the highest common divisor of v and r?
22
Let f be 8/10*19/(57/30). What is the highest common divisor of 12 and f?
4
Suppose 4*w + 20 = 0, -3*w + 458 = -4*m + 21. Let k = -58 - m. Calculate the highest common divisor of k and 22.
11
Suppose 0 = 3*x + 9, 5*g + 3*x - 170 = 76. What is the highest common factor of g and 17?
17
Let j be 20/2 + (-9 - -6). Let q = j - 5. What is the greatest common divisor of q and 1?
1
Let g = -11 + 15. What is the greatest common divisor of 2 and g?
2
Suppose -5 = 4*c + 7, 4*j = 2*c + 42. Suppose -4*z + 50 = -4*w - 78, -z - 5*w = -56. Calculate the highest common factor of j and z.
9
Suppose -4*l - 18 = 2*l. Let r be (178 - (-6)/l)/1. What is the greatest common factor of 22 and r?
22
Suppose 2*t - 4 = -0. Suppose t*h - 2 = -3*c + 12, h = c + 17. Calculate the greatest common factor of h and 65.
13
Let d = 10 + 2. What is the highest common factor of d and 12?
12
Let p = -31 - -47. Let c = -5 - -9. What is the greatest common factor of p and c?
4
Suppose -4*g + 5*z - 113 = 0, -4*g + 2*g - 58 = -4*z. Let s = 52 + g. Calculate the highest common divisor of 5 and s.
5
Suppose 3*i + 15 = 4*i. Let c = -8 + i. Let h(t) = t**2 + 7. Let u be h(-7). What is the highest common divisor of u and c?
7
Let x(m) be the first derivative of -m**4/4 - m**3/3 - m**2/2 + 10*m + 3. Let l be x(0). What is the highest common factor of l and 15?
5
Suppose -b + 5 = -2*b. Let i = 7 + b. Let y be (2/3)/(i/30). Calculate the greatest common divisor of 30 and y.
10
Let h(n) = 7*n**2 + n - 7. Let f be h(3). Let d = 179 - f. Calculate the greatest common factor of 15 and d.
15
Suppose -2*u + 1115 = 3*u. Suppose -3*m - 108 = -3*v, -4*m + u - 79 = 4*v. Calculate the highest common factor of 4 and v.
4
Let y be (-32)/(-6) - (-8)/12. Calculate the highest common divisor of y and 6.
6
Suppose -k + 76 = 4*i, -3*i - k = -33 - 25. Suppose -i - 45 = -3*y. Suppose 68 = 4*q + 3*g, 3*g - 54 = q - 4*q. Calculate the highest common factor of q and y.
7
Let k = 5 + 1. Let y be 109/2 - (-7)/(-14). What is the highest common divisor of k and y?
6
Let c(m) = 52*m**2 + 2*m + 2. Suppose 4*p - p + 6 = 0, 7 = -n - 3*p. Let g be c(n). Calculate the greatest common divisor of 26 and g.
26
Let t be -7*2/(1 - 2). Suppose -t = y + 4. Let m be 15*3/(y/(-4)). What is the highest common divisor of 2 and m?
2
Suppose -11 + 15 = w. Suppose -w*s = -7*s + 66. What is the highest common factor of s and 22?
22
Let x(p) = -p**2 - 7*p + 1. Let a be x(-7). Let n be a*-6*(-3 - -2). Let y be (-5)/(-10)*4*1. What is the greatest c